1). Is v/12*3/(-2) prime?
False
Let x be (140/(-3))/(4*(-3)/342). Suppose 3*r - 4*r = -x. Suppose 4468 - r = 2*y. Is y composite?
True
Let q be (-85550)/87 - (-1 + 5/3). Let g be ((-75)/(-40)*-2)/(2/q). Suppose -2190 = -3*h + g. Is h a prime number?
False
Let w(p) be the third derivative of p**5/60 - p**4/24 + 47*p**3/3 + 4*p**2. Suppose 33*g = 26*g. Is w(g) prime?
False
Let c(s) = -45478*s + 225. Is c(-3) prime?
False
Suppose 0 = 5*b + 22142 - 77677. Is b a prime number?
False
Is 167293 - (30/2 + (33/(-3) - -4)) a prime number?
False
Let i be 4 - -12*49/14. Is 5509/(-4)*(i - 50) composite?
True
Suppose -4*a + 2*w + 22 = 0, a - 4*w - 23 = -0*a. Let n(g) = 154*g**2 + 7*g - 8. Is n(a) prime?
True
Let u(f) = -f**2 + 15*f + 38. Let a be u(17). Suppose 4*n - 7*x + 6*x - 8646 = 0, a*x = 5*n - 10813. Is n composite?
False
Suppose -28 = y - 31. Suppose -3*a - 5256 = -y*s, 6*s - 2*s = -5*a + 7017. Is s prime?
True
Let x = 3 - -29. Let a = x - 45. Is -3 + a/((-26)/2240) a composite number?
False
Let c(u) = -3*u - 24. Let d be c(-9). Suppose d*f - 5*x - 235 = 0, -4*f = -7*f - 5*x + 185. Suppose 2344 = 2*g - f. Is g a prime number?
False
Suppose 3*n - 3*c - 108738 - 321321 = 0, 0 = 2*n - 4*c - 286698. Is n composite?
False
Let b(x) = 465*x**2 + 295*x - 14379. Is b(45) a composite number?
True
Let o(q) = 351*q + 3682. Is o(17) composite?
False
Let o(s) = -s**2 + 4*s + 2. Let t be o(3). Suppose t*v = 5*y - 3750, -3*v = 2*v - y + 3734. Let f = -352 - v. Is f prime?
False
Suppose -z - 1422 + 495 = 4*n, 1854 = -2*z - 4*n. Let s = 73 - -559. Let t = s - z. Is t a composite number?
False
Let i be (-3 - -3) + (1 - 5) + 17318. Suppose 14*o = i + 14704. Is o composite?
False
Suppose 4*s + 5 = 4*n + 1, -2*s = 3*n + 2. Is (2/(-2))/s*(4857 + 4) composite?
False
Suppose 4*q - r - 139 = -331, -3*q - 144 = r. Let f = 48 + q. Suppose 5*d + 166 - 561 = f. Is d a composite number?
False
Let o(x) = 535*x + 817. Is o(12) prime?
True
Let o be 7/(-28)*(0 - 4). Is o*4*(-14049)/(-126) a prime number?
False
Let w = -164 + 167. Suppose -w*m - 5*x = -1623, -5*m + 2*x + 2705 = x. Is m a composite number?
False
Suppose 0 = -4*t + 3*n + 21, -t - 21 = -3*t + 5*n. Suppose 2671 + 1520 = t*a. Is a composite?
True
Let z = -775750 - -1259421. Is z composite?
False
Suppose q = u - 74, -2*q - 3*u - 133 = -0*u. Let s = 75 + q. Is (-2)/4 + 3686/s composite?
True
Suppose 0 = -3*u + 3*c - 21, 24*u + 5*c = 26*u - 1. Let g(a) = 22*a**2 + 10*a + 25. Is g(u) prime?
False
Let n(p) = -8746*p + 151. Is n(-4) prime?
False
Suppose -3*z + 4*t + 52 = 0, -4*z + 4*t - t + 60 = 0. Let d be ((-8)/12)/((-2)/z). Suppose 2*n - d*j = 792 + 450, -2*n = 2*j - 1272. Is n prime?
True
Let b be 10/(-20) - 186/(-4). Let p(g) = 23 - 10 - 14 - b*g. Is p(-20) composite?
False
Let r = -532808 + 1454277. Is r a composite number?
True
Suppose n + 111831 - 29299 = 3*a, 5*a - 2*n - 137555 = 0. Is a composite?
False
Suppose 0 = 6*j - j - 5*w - 236685, -5*w - 142005 = -3*j. Suppose -18*s = -36126 - j. Is s composite?
False
Let z = -847 - -2786. Suppose 3*m - 2911 = -2*q, 2*m - z = -0*m - q. Is m composite?
False
Suppose -2*u + 3*z = -7, -4*u - z + 5*z = -12. Let h(k) = 2*k**2 - 5*k + 4. Let c be h(u). Suppose -l + 489 = c*g, -l - 3*l - 2*g = -1950. Is l a prime number?
True
Let s = -13 - -10. Suppose 18*w - 12*w = 12. Is 623 - (w - (5 + s)) composite?
True
Let i be (6*8/(-48))/((-1)/2). Suppose -4*c = -3*c - 5. Suppose d - 73 = -p + 96, -c*d = -i*p + 338. Is p a composite number?
True
Let w = 32510 + -14923. Is w prime?
False
Let u = 5742 - 3012. Let l = u + -1616. Is l composite?
True
Let f = -81 + 137. Let n be (18/1 - -3)*f/6. Suppose -3*y + n = -71. Is y composite?
False
Suppose 6*m - 2034903 = -10*m + 3*m. Is m prime?
False
Suppose -466356 = 7*r + 1592694. Is (r/(-200))/((-6)/(-8)) a composite number?
True
Let p(t) = -167*t**3 - 51*t**2 + 92*t - 97. Is p(-22) a prime number?
True
Let r(d) = -2806*d - 110. Suppose -182*j = -178*j + 24. Is r(j) a prime number?
False
Let g be (-4590)/(-25) + -3*3/15. Let s = 1442 - g. Is s composite?
False
Let g(f) = -6*f + 39. Let r be g(6). Suppose r*j - 754 = l, -j + 6*l - 10*l + 247 = 0. Is j a prime number?
True
Let b(q) = -2739*q**3 - 1. Let d(r) = -r**2 - 10*r - 15. Let x be d(-8). Let c be b(x). Let u = -1571 - c. Is u composite?
True
Suppose -3*u + 990494 = -u + 2*p, -1980993 = -4*u - 5*p. Suppose -6*g = 16*g - u. Is g a prime number?
True
Is (-8392506)/(-66) - ((-462)/121 - -4) a composite number?
True
Let c(v) = 44*v**2 - 34*v - 67. Let n(f) = -131*f**2 + 101*f + 199. Let s(y) = -17*c(y) - 6*n(y). Is s(-21) a prime number?
True
Suppose -47*d + 12 = -44*d. Suppose -l = -s + 1668, 4*s - 6682 = -2*l + d*l. Is s a composite number?
True
Let z(p) = -35. Let q(g) = g + 34. Let c(f) = 3*q(f) + 2*z(f). Let d be c(0). Suppose 2*l = 10 + d. Is l composite?
True
Is 4409/(((-16)/14 + 37/259)/(-29)) a composite number?
True
Let v(r) be the first derivative of 15*r**4/4 - r**3/3 + 4*r**2 - 16*r - 20. Let q be v(7). Suppose 3*u = q - 435. Is u composite?
False
Let o(i) be the second derivative of -7*i**3/3 + 43*i**2/2 - 9*i. Suppose -28 = 5*u + 32. Is o(u) a composite number?
False
Let k be (-3)/(-5 + -1)*0/1. Suppose -3*j = 2*p - 4*p + 1418, k = -p - 3*j + 691. Let a = -77 + p. Is a composite?
True
Suppose -374*a = -47982133 - 72418565. Is a a composite number?
True
Suppose 4*a = 5*b - 21 - 5, -14 = a - 5*b. Let v(h) = 2*h**3 + 6*h**2 - 5*h - 1. Let j be v(a). Let w(k) = -k**3 - 11*k**2 - 16*k + 11. Is w(j) a prime number?
True
Let h(q) = 57*q**3 - q**2 + q + 2. Let v be h(-2). Let i be (-6)/14 + 27496/(-98). Let s = i - v. Is s a prime number?
True
Let v(s) be the first derivative of 11*s**2/2 + 2159*s - 28. Let w(b) = 6*b + 1079. Let m(y) = 3*v(y) - 5*w(y). Is m(0) composite?
True
Suppose -4*w + 15 = -3*o, 9*w - 4*o = 6*w + 20. Suppose 2297 = 3*c + 4*a - 6144, w = 4*c - a - 11280. Is c composite?
False
Suppose -33*p = -4070371 - 1591868. Is p a composite number?
False
Is (-30523538)/(-190)*(-6 + 11) prime?
True
Let l(r) = 25*r - 122. Let o be l(5). Suppose -2*x - o*n + 9677 = 0, -x + n = -0*x - 4826. Is x composite?
False
Let n = -31 - -115. Suppose n = 2*h + 28. Is 3*(h - -3 - 0) composite?
True
Suppose o + 5 = 0, -18*o + 23*o = 3*v - 202828. Is v a composite number?
False
Suppose 3*r = -1368 + 4170. Suppose -o = -r - 654. Suppose -5*n + 0*p + 3979 = -3*p, -3*p - o = -2*n. Is n composite?
False
Suppose -4*z - 2 = -5*j, -3*j - 4 + 2 = -4*z. Suppose -3*q - 2*f + 2640 = -10199, z*f = 2. Is q composite?
True
Let i be ((-27)/(-108))/((-2)/24). Is ((-42868)/(-7 - i))/1 composite?
True
Suppose -2*v + 5*j + 597660 = 0, 2*j = 3*v - 7*v + 1195320. Is (-4)/14 - v/(-98) a composite number?
False
Let p(i) = i**3 - 3*i**2 - 8*i + 21. Let g be p(4). Suppose -c = -g*c + 5636. Is c composite?
False
Let k(o) = o**3 - 9*o**2 + 6*o - 3. Let i be (-31)/(-4) - (4/(-16) - 0). Suppose i*w - 30 = 5*w. Is k(w) prime?
True
Suppose 2*b = -11*b + 1326. Let u be 5/(-6) + (-17)/b. Let i(x) = 90*x**2 - 2*x - 1. Is i(u) a prime number?
False
Suppose -353636 = -2*t + 1072*f - 1074*f, -2*t = f - 353633. Is t prime?
False
Suppose -147*m = 111*m - 701502. Is m a composite number?
False
Suppose 42 + 20 = a - 3*m, -4*m = 3*a - 147. Let u = a - 50. Suppose g - u*g + 438 = 0. Is g a prime number?
False
Suppose -15*v + 45 = 15. Suppose -v*n + 8686 = -5904. Is n a prime number?
False
Let z be (7 - 2 - (1 + 3)) + -5. Let x(j) = -7 + 7 - 5*j + 3 + 54*j**2. Is x(z) prime?
True
Is 4/12 + 58192/6 + -15 + 7 a prime number?
False
Let r(a) = a**2 - 21*a + 27. Let t be r(20). Suppose 10205 = c - 4*w, t = -4*w - 13. Is ((-8)/(-12))/(10/c) a composite number?
True
Is (1 - 1/(4/(-18)))*8710172/838 a prime number?
False
Let n(h) = -h**2 + 16*h - 11. Let s be n(15). Suppose t = -k - 3*k + 7, 28 = -s*t - 2*k. Is (-1636)/(-8)*(-7 - t) prime?
True
Let w(l) = 4*l**2 + 11*l - 8. Let c(x) = x + 10. Let k be c(-20). Let z be 1 + -4 + 2 + k/1. Is w(z) prime?
False
Let v = 69 - 27. Suppose -v = -26*q + 20*q. Suppose y = -q*y + 2552. Is y composite?
True
Let b(j) = -11655*j + 5081. Is b(-6) prime?
True
Suppose 0 = 2*s - 3*l - l + 84, -4*l = 4. Is (-8)/s + (-116970)/(-22) a composite number?
True
Let s = 2805 + -1569. Suppose -3*q + s = 9*q. Is q a composite 